rue
Does 388 divide 68123488?
True
Is 31 a factor of 61324049?
False
Does 102 divide 33552481?
False
Is 2971949 a multiple of 9?
False
Is 69583541 a multiple of 95?
False
Does 363 divide 765257724?
True
Is 4967685 a multiple of 46?
False
Is 477 a factor of 13400029?
False
Does 775 divide 19335446?
False
Is 38376417 a multiple of 1223?
False
Is 74386183 a multiple of 341?
False
Is 7 a factor of 39244551?
False
Is 6 a factor of 2354814?
True
Is 2382 a factor of 188808378?
False
Is 2432 a factor of 28010677?
False
Does 785 divide 111953560?
True
Does 114 divide 595683972?
True
Is 278849960 a multiple of 4243?
True
Does 26 divide 3155620784?
False
Is 9419 a factor of 751114097?
False
Is 341 a factor of 4540695984?
True
Is 500 a factor of 114640050?
False
Does 29 divide 374624407?
True
Is 24 a factor of 268573030?
False
Is 33 a factor of 665493939?
True
Is 371070610 a multiple of 50?
False
Is 707 a factor of 50021664?
True
Is 2387575112 a multiple of 76?
True
Is 1449684194 a multiple of 652?
False
Does 156 divide 170707190?
False
Does 759 divide 1427679?
True
Does 2 divide 6374531?
False
Does 6 divide 139342602?
True
Is 1641 a factor of 2846166810?
True
Does 3116 divide 943717992?
True
Does 282 divide 386573496?
True
Is 457 a factor of 856034359?
False
Is 202509252 a multiple of 55?
False
Does 202 divide 117622284?
False
Does 17 divide 1823236?
False
Is 721 a factor of 1747458139?
True
Is 227209985 a multiple of 325?
False
Is 260046435 a multiple of 15?
True
Is 1683301330 a multiple of 3181?
False
Is 3999687187 a multiple of 11039?
False
Does 241 divide 375089555?
False
Does 14 divide 119640822?
True
Is 32150280 a multiple of 239?
True
Does 217 divide 469794121?
False
Is 15420175 a multiple of 25?
True
Is 211 a factor of 4050612154?
True
Is 7 a factor of 219406558?
True
Is 229597555 a multiple of 11?
True
Does 2097 divide 12095496?
True
Does 24 divide 40703744?
False
Is 290160787 a multiple of 4?
False
Is 777 a factor of 6403381?
False
Is 58 a factor of 95941915?
False
Is 89175471 a multiple of 11?
True
Is 1708 a factor of 1066280488?
True
Does 55 divide 103626270?
True
Does 14 divide 281771148?
False
Does 105 divide 183514909?
False
Does 316 divide 692968219?
False
Does 26 divide 2200804938?
False
Is 1609812 a multiple of 97?
True
Does 12 divide 361258292?
False
Does 12 divide 2753580?
True
Is 11 a factor of 293381435?
False
Is 110166247 a multiple of 381?
False
Does 469 divide 29657684?
True
Is 2408 a factor of 1473301134?
False
Is 32043785 a multiple of 295?
True
Does 173 divide 1611991632?
False
Does 11 divide 1381323?
False
Is 124687633 a multiple of 32?
False
Is 399132875 a multiple of 409?
True
Does 9 divide 8368231?
False
Does 1417 divide 11501789?
True
Does 6 divide 265476203?
False
Does 84 divide 4943232?
True
Is 1383 a factor of 32961039?
True
Does 56 divide 387450448?
True
Is 57310817 a multiple of 37?
True
Is 91726064 a multiple of 25?
False
Is 26475916 a multiple of 102?
False
Does 1519 divide 17274068?
True
Does 5 divide 203315368?
False
Does 576 divide 453117312?
True
Is 142 a factor of 18686195?
False
Is 37532496 a multiple of 10?
False
Is 99584586 a multiple of 3534?
True
Does 1409 divide 4056511?
True
Is 143 a factor of 410969416?
True
Does 37 divide 611386448?
False
Does 2664 divide 205236752?
False
Is 415753698 a multiple of 2307?
True
Does 116 divide 94858072?
True
Does 60 divide 1889340?
True
Is 3983 a factor of 761681039?
True
Is 24 a factor of 51915864?
True
Is 267 a factor of 91006751?
False
Is 12681531 a multiple of 9?
True
Is 800994280 a multiple of 70?
False
Is 156543298 a multiple of 11?
False
Does 4 divide 30937617?
False
Is 75762283 a multiple of 18?
False
Does 2725 divide 58081817?
False
Is 35076065 a multiple of 222?
False
Is 4483530483 a multiple of 267?
True
Does 289 divide 16048103?
False
Is 12 a factor of 10128786?
False
Does 1868 divide 1167089192?
False
Is 56 a factor of 170177428?
False
Does 1207 divide 801281434?
True
Does 361 divide 4892260130?
False
Does 252 divide 26159488?
False
Does 10417 divide 1293603627?
False
Does 228 divide 44370396?
True
Does 154 divide 55492668?
True
Is 19769288 a multiple of 7?
True
Is 47 a factor of 95401352?
True
Does 7858 divide 22631040?
True
Does 69 divide 22065027?
True
Is 5618919 a multiple of 6?
False
Is 46 a factor of 58700002?
True
Does 51 divide 26450487?
True
Is 43479289 a multiple of 3563?
True
Is 66 a factor of 284009880?
True
Does 1033 divide 15865847?
True
Is 363731 a multiple of 17?
False
Is 963394668 a multiple of 36?
True
Does 23 divide 20708280?
True
Does 8 divide 13005018?
False
Is 2983001616 a multiple of 588?
True
Is 2769 a factor of 2423074368?
True
Is 1887924245 a multiple of 215?
True
Does 20 divide 12307314?
False
Is 6059 a factor of 535579288?
False
Does 19 divide 2526881174?
True
Does 198 divide 616057584?
False
Does 2019 divide 290391043?
False
Does 256 divide 9415677?
False
Does 3102 divide 582807630?
False
Does 18 divide 184279212?
True
Is 109 a factor of 93838100?
True
Does 62 divide 1079470635?
False
Does 7 divide 6951413?
True
Is 104790619 a multiple of 1663?
True
Is 6 a factor of 4868145?
False
Is 31 a factor of 196121128?
True
Is 43134624 a multiple of 1872?
True
Does 131 divide 83573022?
True
Is 2020542392 a multiple of 363?
False
Does 296 divide 218344642?
False
Is 7 a factor of 1002246070?
True
Is 472278928 a multiple of 35?
False
Is 105 a factor of 534517095?
True
Does 440 divide 3040371?
False
Does 12 divide 3148227816?
True
Is 30087940 a multiple of 377?
False
Is 97 a factor of 3492216?
False
Is 432 a factor of 27480816?
True
Is 397 a factor of 9230272?
False
Is 29131745 a multiple of 16?
False
Does 3816 divide 1157003690?
False
Is 32 a factor of 440999625?
False
Does 14 divide 397708032?
False
Does 265 divide 85357819?
False
Is 18170166 a multiple of 245?
False
Is 26656389 a multiple of 7?
False
Is 20 a factor of 74153480?
True
Is 37 a factor of 1501504585?
True
Does 857 divide 1071203186?
False
Is 1340866750 a multiple of 6155?
True
Does 1015 divide 933887290?
True
Does 6061 divide 4399801120?
True
Does 610 divide 191072740?
True
Is 32 a factor of 141018150?
False
Does 4 divide 734020168?
True
Is 3826300 a multiple of 284?
False
Does 17 divide 313485941?
False
Does 138 divide 3755174580?
True
Is 5794538626 a multiple of 12?
False
Is 13514915 a multiple of 31?
True
Is 246 a factor of 213503481?
False
Is 69544332 a multiple of 4212?
True
Does 1111 divide 91701639?
False
Is 6582777 a multiple of 11?
False
Is 2638 a factor of 1378223100?
True
Is 58394061 a multiple of 33?
True
Does 19 divide 141285053?
False
Is 15636645 a multiple of 5?
True
Is 13502970 a multiple of 78?
True
Is 190854404 a multiple of 13?
True
Does 293 divide 112921907?
True
Is 776731 even?
False
Is 33129444 a multiple of 354?
True
Does 15 divide 30826455?
True
Does 7736 divide 1830600624?
True
Does 742 divide 190949248?
True
Is 66 a factor of 5687550?
True
Is 8291339 a multiple of 343?
True
Is 25828138 a multiple of 72?
False
Does 58 divide 227654582?
True
Does 2 divide 48072645?
False
Does 623 divide 431023796?
True
Is 610188762 a multiple of 59?
False
Does 13 divide 47767226?
True
Does 30 divide 210188216?
False
Does 2935 divide 131210569?
False
Is 1885 a factor of 104883285?
True
Is 1629212 a multiple of 1261?
True
Is 61720600 a multiple of 113?
True
Is 531106243 a multiple of 277?
False
Is 61113228 a multiple of 484?
True
Does 1273 divide 293991712?
True
Does 32 divide 67923946?
False
Does 17 divide 1786056601?
True
Is 10 a factor of 281270738?
False
Is 7 a factor of 756878924?
False
Is 147013891 a multiple of 337?
True
Is 19 a factor of 30979158?
True
Is 19 a factor of 60637873?
True
Is 34 a factor of 94765242?
True
Does 106 divide 284022230?
True
Does 122 divide 124848700?
True
Is 189215187 a multiple of 11?
False
Does 989 divide 1002699114?
False
Does 30 divide 10909908?
False
Is 467 a factor of 24835527?
True
Is 663 a factor of 42724101?
False
Does 1429 divide 3050915?
True
Is 2228 a factor of 184440524?
True
Does 1181 divide 76003255?
True
Does 2632 divide 13325816?
True
Is 1646 a factor of 6903324?
True
Does 14 divide 90212486?
True
Is 97965920 a multiple of 26?
True
Does 223 divide 781305838?
False
Is 179 a factor of 88906178?
False
Does 1596 divide 245